 by h/(4/(8/2))?
56
Let s(t) = 14*t + 299. Calculate the remainder when s(-18) is divided by 32.
15
Let t be -1 + (2 - (4 - 5)). Suppose 17 = t*z - 11. Calculate the remainder when 52 is divided by z.
10
Let i be (-555)/(-5)*1/3. Suppose 0 = z - 6 - i. Calculate the remainder when z is divided by 22.
21
Let d be (-4)/(-8) + 590/4. Suppose -2*s = -4*x + 3*x - 68, 5*s - d = -3*x. Let p = s + -15. Calculate the remainder when 48 is divided by p.
14
Let g(y) = 23*y**3 + 2*y**2 - 1. Let k be g(-1). Let i = -16 - k. Suppose -13 = 4*q - 73. Calculate the remainder when q is divided by i.
3
Let f(v) = 2*v**2 + 5*v + 2. Suppose -2*u + 20 = -o - 25, -o + 145 = 8*u. What is the remainder when f(4) is divided by u?
16
Let g(s) = -s**2 + 3*s + 2. Let l be g(3). Suppose -c = -o - 2*o - 61, 0 = -l*o - 6. Calculate the remainder when c is divided by ((-8)/(-64))/(5*6/1620)*4.
25
Suppose -16 = -i + 3*i. Suppose 2724 = -38*o - 2786. What is the remainder when 1/i - o/8 is divided by 7?
4
Let i(z) = -z**2 + 7*z + 5. Let p be i(7). Suppose 4 = p*j - 11. Suppose -2*g + g + 10 = n, -2*g - 4*n = -24. Calculate the remainder when g is divided by j.
2
Suppose -x - 19 = -3*h + 17, 0 = h + 5*x + 4. Let m = 472 - 423. What is the remainder when m is divided by h?
5
Suppose 8*y = 2*y + 114. Let j = 15 - 28. Let v = j + 18. Calculate the remainder when y is divided by v.
4
Suppose 0 = 5*q - 4*q - 38. Let t be (-3 + 1)*45/10. Let r = t + 17. Calculate the remainder when q is divided by r.
6
Let k = 122 + -112. What is the remainder when 37 is divided by k?
7
Suppose b + 0*b + 4*a = 38, 0 = 3*b - a - 49. Calculate the remainder when (2940/9)/7*(-3)/(-2) is divided by b.
16
Let b(m) = 4*m**2 - 6*m - 9. What is the remainder when b(-8) is divided by 37?
36
Suppose b - 13 = -o - 0*o, -26 = -2*b + 4*o. Suppose 16*m = -148 + 4. Let q = b + m. What is the remainder when 14 is divided by q?
2
Let j(l) = -l**3 - 43*l**2 + 16. Let o = 23 - 16. Calculate the remainder when j(-43) is divided by o.
2
Calculate the remainder when 1613/10*4 + 14/(-70) is divided by 9.
6
Suppose 0 = -366*g + 392*g - 37154. What is the remainder when g is divided by 26?
25
What is the remainder when 369 is divided by ((-30)/(-20) + 4)*2?
6
Let p = 2 - -1. Suppose -1 = -2*w + 3*h, -2*w - 2*h - p - 1 = 0. Calculate the remainder when 29 is divided by w/4 - (-390)/24.
13
Let c = -608 + 647. Suppose 3*f + 2*f - 3*k = 365, -3*f = 3*k - 243. Calculate the remainder when f is divided by c.
37
Suppose -4*k + 1 = f - 0, 5*k - 20 = 5*f. Let a = -44 + 72. Suppose -4*r + h + 3*h + a = 0, -3*r = 2*h + 4. What is the remainder when r is divided by k?
0
Suppose a + 5*b = 6*a - 30, -5*b - 6 = 3*a. Calculate the remainder when 7 is divided by a.
1
Suppose 4*i = i - 9, -3*i + 23 = 2*d. Let w(z) = -2*z - 25. Calculate the remainder when d is divided by w(-17).
7
Suppose -59 = -2*d - u, -9*d + 6*d = -5*u - 69. What is the remainder when 584 is divided by d?
24
Let i(m) = -8*m**3 - 4*m**2 - 2*m + 1. What is the remainder when 157 is divided by i(-2)?
51
Suppose 0 = -4*u - u + 240. Suppose -2*d + 2*z = -u, 3*d + d - z = 81. Calculate the remainder when 53 is divided by d.
15
Suppose 0 = -6*f + 4*f - 16. What is the remainder when 16 is divided by (-10)/f - (-108)/16?
0
Suppose 133*n - 510 = 82*n. What is the remainder when 34 is divided by n?
4
Suppose 5*l - 2*p = 137, l - 3*p = 2*l - 24. Suppose -2*s - 3*s - 1680 = 0. What is the remainder when 21 is divided by (-6)/l - s/54?
3
Let k(a) = -a**2 - 18*a - 1. Suppose -45 = 4*z + 3*j - 140, -48 = -2*z - 2*j. Suppose -d + 6 = -z. Calculate the remainder when k(-14) is divided by d.
26
What is the remainder when (-12)/30 - (924/(-10) - 3) is divided by 32?
31
Suppose 5*p - 50 = 4*r, 3*p + 3*r - 30 = -2*r. Let m = -2359 + 2407. What is the remainder when m is divided by p?
8
Let d = -2388 - -2414. What is the remainder when 222 is divided by d?
14
Let h = 0 + 1. What is the remainder when 1090/30 - h/3 is divided by 10?
6
Suppose 4*y + 15 = -1. Let u = 2 - y. Let s = 353 - 334. Calculate the remainder when s is divided by u.
1
What is the remainder when 348 is divided by (-11 - (10 - -4))*2/(-2)?
23
Let d be 7/21 + (-100)/3. Let b = d - -36. Calculate the remainder when 8 is divided by b.
2
Let x(v) = -3*v**3 - 2*v + 6. Let f(o) = -8*o**3 + o**2 - 7*o + 18. Let i(b) = -4*f(b) + 11*x(b). What is the remainder when 86 is divided by i(-6)?
26
Suppose -2*a = -4*c - 256 - 556, 4 = c. What is the remainder when a is divided by 13?
11
Let f(n) = n**3 - 13*n**2 + 13*n - 12. Let c be f(12). Suppose -2*p + p + 4 = c. What is the remainder when 9 is divided by p?
1
Let g(i) = -2*i**2 - 76*i - 65. Calculate the remainder when 152 is divided by g(-37).
8
Let b = 1874 + -1702. Calculate the remainder when b is divided by 20.
12
Let v(f) = -f**3 - 4*f**2 + 4*f - 1. Let a be v(-5). Let w be a*(-6)/(-8) + 52. Let k = w - 27. Calculate the remainder when 81 is divided by k.
25
Let d = 849 + -696. What is the remainder when d is divided by 52?
49
Let k(a) = 49*a**3 + a**2 - 4*a + 1. Calculate the remainder when 67 is divided by k(1).
20
Suppose -17*f = -9*f - 592. Calculate the remainder when f is divided by (76/10)/(8/20).
17
Suppose -7*s - 150 = -17*s. Suppose 2*b = 5*b. Suppose -2*a + s + 13 = b. Calculate the remainder when 55 is divided by a.
13
Suppose -4*f - 237 = -2*s + 47, f = -1. Calculate the remainder when s is divided by 47.
46
Let j(p) = -2*p - 1. Let x(m) = m. Let n(i) = -3*j(i) - 5*x(i). Let u = 21 + -8. What is the remainder when u is divided by n(2)?
3
Let x(n) be the second derivative of -n**3/2 - 2*n**2 + n. Suppose -3*m = -10*m - 35. Calculate the remainder when 21 is divided by x(m).
10
Let p(a) = a**2 + 17*a + 19. Let z = 10 + -26. Let r be p(z). Suppose 1 = -o + r. Calculate the remainder when 4 is divided by o.
0
Suppose -5*w + 5*h + 5 = 0, 2*w - 7*w = 4*h + 40. Let u be (-21)/(-4*w/16). Calculate the remainder when (-6 + 3)/3*u is divided by 6.
3
Let s = -8 + 14. Suppose 3*m - 4*p + s = -6, 2*m + 5*p - 15 = 0. Suppose m = -2*h - 3*h + 35. What is the remainder when 24 is divided by h?
3
Let z = 1467 + -1412. What is the remainder when z is divided by 16?
7
Let g(i) = i + 8. Let c be g(0). Suppose 7*u - c = 5*u. Suppose 0 = -m - 0*b - 3*b, -3*m = u*b - 10. Calculate the remainder when 23 is divided by m.
5
Let h = 3 - 1. Let z be ((-12)/18)/(h/42). Let b = z - -30. Calculate the remainder when 63 is divided by b.
15
Let c be ((-52)/(-65))/((-2)/(-10)). What is the remainder when 14/2*30/21 is divided by ((-24)/9)/c*-9?
4
Let a(n) = n**3 + 9*n**2 - 7*n + 2. Suppose 0*t - 23 = w + 5*t, 0 = -5*w + 5*t - 25. What is the remainder when a(w) is divided by 41?
40
Suppose -3*t + 45 = -5*f, 3*f - 5*f - 14 = -t. Suppose 209*v + t = 211*v. What is the remainder when 56 is divided by v?
6
Let n(h) = 5*h**2 + 19*h + 133. What is the remainder when n(-8) is divided by 71?
17
Suppose 2*y - 4 = -2*l + 2, -4*y - 5*l = -7. Let d = 18 + -16. Let j = d - -29. Calculate the remainder when j is divided by y.
7
Let q(g) = g**2 - 3*g + 3. Suppose w - 4*y - 7 = -35, 3*y = 9. Calculate the remainder when 4 + 68/w - (-13)/4 is divided by q(3).
0
Let s(a) = 178*a**2 + 2*a - 2. Let k be s(1). Let w = k - 121. Calculate the remainder when w is divided by 20.
17
What is the remainder when 93 is divided by 60/33 + -2 - (-1196)/44?
12
Let g(f) = -20*f + 9. Let b(h) = h**2 + 6*h + 11. What is the remainder when g(-3) is divided by b(-7)?
15
Let a = -233 - -380. What is the remainder when 25 is divided by (-1)/(-2) - a/(-14)?
3
Let d(r) = -2*r**3 - 3*r**2 + 1. Suppose 5*u + 12 = 8*u. Let v be d(u). Calculate the remainder when 3/18 + v/(-30) is divided by 4.
2
Let l(u) = -6*u + 16. Suppose b = -b - 18. Let i = 39 + -21. Calculate the remainder when l(b) is divided by i.
16
Let g = -12 - -20. Let r = 9 - g. Let x(o) = 20*o**3 - o**2 + 2*o - 1. Calculate the remainder when 37 is divided by x(r).
17
Suppose -5*w + 4*w + 13 = 0. Let j = -107 + 251. Suppose 4*a = 8*a - j. Calculate the remainder when a is divided by w.
10
Suppose 600 = -8*s + 1936. What is the remainder when s is divided by 158?
9
Calculate the remainder when (7 + -149)/(-2 - -1) is divided by 13.
12
Suppose 0 = 5*n - 68 - 182. Calculate the rema